{"id":75,"date":"2022-12-15T23:36:08","date_gmt":"2022-12-15T23:36:08","guid":{"rendered":"https:\/\/89ajans.com\/?page_id=75"},"modified":"2022-12-17T14:00:04","modified_gmt":"2022-12-17T14:00:04","slug":"hakkimizda","status":"publish","type":"page","link":"https:\/\/89ajans.com\/index.php\/hakkimizda\/","title":{"rendered":"89 K\u0130MD\u0130R ?"},"content":{"rendered":"\n<div class=\"wp-block-columns is-layout-flex wp-container-core-columns-is-layout-1 wp-block-columns-is-layout-flex\">\n<div class=\"wp-block-column is-layout-flow wp-block-column-is-layout-flow\" style=\"flex-basis:100%\">\n<p class=\"has-white-color has-vivid-red-background-color has-text-color has-background\" style=\"font-size:15px\"><strong>89 Dijital<\/strong>, bir reklam ajans\u0131d\u0131r. B\u00fcnyesinde bir\u00e7ok firma bar\u0131nd\u0131ran ve bu firmalarla uzun soluklu \u00e7al\u0131\u015fmalar yapan reklam ajans\u0131m\u0131z firmalar\u0131n marka de\u011ferini artt\u0131rarak tan\u0131t\u0131m, bilinirlik ve sat\u0131\u015f kanallar\u0131nda i\u015f hacmini daha da yukar\u0131lara ta\u015f\u0131may\u0131 hedeflemi\u015ftir.<br>Ajans\u0131m\u0131z 8 ki\u015filik kendi alan\u0131nda uzmanla\u015fm\u0131\u015f kadrosuyla, m\u00fc\u015fterilerimizin isteklerini profesyonel bir \u015fekilde y\u00f6netmekte olup her ge\u00e7en g\u00fcn portf\u00f6y\u00fcn\u00fc daha da geni\u015fletmektedir.<br><br>Daha da geli\u015fen dijital d\u00fcnyada ekibimiz sizlerin isteklerini en ince ayr\u0131nt\u0131s\u0131na kadar dinleyip firman\u0131z\u0131n geli\u015fimi, tan\u0131t\u0131m\u0131, sat\u0131\u015f artt\u0131r\u0131mlar\u0131n\u0131n analizlerini \u00f6zenle ve titizlikle yap\u0131p uzun soluklu beraber \u00e7al\u0131\u015faca\u011f\u0131m\u0131z fikirler \u00fcretip profesyonel destek sa\u011flamaktad\u0131r.<br><br>Her zaman ba\u015far\u0131 odakl\u0131 ilerleyen ajans\u0131m\u0131z, alan\u0131nda en ba\u015far\u0131l\u0131 ajans olmay\u0131 ba\u015farm\u0131\u015f ve ald\u0131\u011f\u0131 \u00f6d\u00fcller ile de piyasadaki bilinilirli\u011fini g\u00fc\u00e7lendirmi\u015ftir.<\/p>\n<\/div>\n<\/div>\n\n\n\n<p><\/p>\n","protected":false},"excerpt":{"rendered":"<p>89 Dijital, bir reklam ajans\u0131d\u0131r. B\u00fcnyesinde bir\u00e7ok firma bar\u0131nd\u0131ran ve bu firmalarla uzun soluklu \u00e7al\u0131\u015fmalar yapan reklam ajans\u0131m\u0131z firmalar\u0131n marka de\u011ferini artt\u0131rarak tan\u0131t\u0131m, bilinirlik ve sat\u0131\u015f kanallar\u0131nda i\u015f hacmini daha da yukar\u0131lara ta\u015f\u0131may\u0131 hedeflemi\u015ftir.Ajans\u0131m\u0131z 8 ki\u015filik kendi alan\u0131nda uzmanla\u015fm\u0131\u015f kadrosuyla, m\u00fc\u015fterilerimizin isteklerini profesyonel bir \u015fekilde y\u00f6netmekte olup her ge\u00e7en g\u00fcn portf\u00f6y\u00fcn\u00fc daha da geni\u015fletmektedir. Daha [&hellip;]<\/p>\n","protected":false},"author":1,"featured_media":0,"parent":0,"menu_order":0,"comment_status":"closed","ping_status":"closed","template":"elementor_header_footer","meta":{"_joinchat":[],"footnotes":""},"yoast_head":"<!-- This site is optimized with the Yoast SEO plugin v22.9 - https:\/\/yoast.com\/wordpress\/plugins\/seo\/ -->\n<title>89 K\u0130MD\u0130R ? - 89 D\u0130J\u0130TAL<\/title>\n<meta name=\"robots\" content=\"index, follow, max-snippet:-1, max-image-preview:large, max-video-preview:-1\" \/>\n<link rel=\"canonical\" href=\"https:\/\/89ajans.com\/index.php\/hakkimizda\/\" \/>\n<meta property=\"og:locale\" content=\"tr_TR\" \/>\n<meta property=\"og:type\" content=\"article\" \/>\n<meta property=\"og:title\" content=\"89 K\u0130MD\u0130R ? - 89 D\u0130J\u0130TAL\" \/>\n<meta property=\"og:description\" content=\"89 Dijital, bir reklam ajans\u0131d\u0131r. B\u00fcnyesinde bir\u00e7ok firma bar\u0131nd\u0131ran ve bu firmalarla uzun soluklu \u00e7al\u0131\u015fmalar yapan reklam ajans\u0131m\u0131z firmalar\u0131n marka de\u011ferini artt\u0131rarak tan\u0131t\u0131m, bilinirlik ve sat\u0131\u015f kanallar\u0131nda i\u015f hacmini daha da yukar\u0131lara ta\u015f\u0131may\u0131 hedeflemi\u015ftir.Ajans\u0131m\u0131z 8 ki\u015filik kendi alan\u0131nda uzmanla\u015fm\u0131\u015f kadrosuyla, m\u00fc\u015fterilerimizin isteklerini profesyonel bir \u015fekilde y\u00f6netmekte olup her ge\u00e7en g\u00fcn portf\u00f6y\u00fcn\u00fc daha da geni\u015fletmektedir. Daha [&hellip;]\" \/>\n<meta property=\"og:url\" content=\"https:\/\/89ajans.com\/index.php\/hakkimizda\/\" \/>\n<meta property=\"og:site_name\" content=\"89 D\u0130J\u0130TAL\" \/>\n<meta property=\"article:modified_time\" content=\"2022-12-17T14:00:04+00:00\" \/>\n<meta name=\"twitter:card\" content=\"summary_large_image\" \/>\n<meta name=\"twitter:label1\" content=\"Tahmini okuma s\u00fcresi\" \/>\n\t<meta name=\"twitter:data1\" content=\"1 dakika\" \/>\n<script type=\"application\/ld+json\" class=\"yoast-schema-graph\">{\"@context\":\"https:\/\/schema.org\",\"@graph\":[{\"@type\":\"WebPage\",\"@id\":\"https:\/\/89ajans.com\/index.php\/hakkimizda\/\",\"url\":\"https:\/\/89ajans.com\/index.php\/hakkimizda\/\",\"name\":\"89 K\u0130MD\u0130R ? - 89 D\u0130J\u0130TAL\",\"isPartOf\":{\"@id\":\"https:\/\/89ajans.com\/#website\"},\"datePublished\":\"2022-12-15T23:36:08+00:00\",\"dateModified\":\"2022-12-17T14:00:04+00:00\",\"breadcrumb\":{\"@id\":\"https:\/\/89ajans.com\/index.php\/hakkimizda\/#breadcrumb\"},\"inLanguage\":\"tr\",\"potentialAction\":[{\"@type\":\"ReadAction\",\"target\":[\"https:\/\/89ajans.com\/index.php\/hakkimizda\/\"]}]},{\"@type\":\"BreadcrumbList\",\"@id\":\"https:\/\/89ajans.com\/index.php\/hakkimizda\/#breadcrumb\",\"itemListElement\":[{\"@type\":\"ListItem\",\"position\":1,\"name\":\"Anasayfa\",\"item\":\"https:\/\/89ajans.com\/\"},{\"@type\":\"ListItem\",\"position\":2,\"name\":\"89 K\u0130MD\u0130R ?\"}]},{\"@type\":\"WebSite\",\"@id\":\"https:\/\/89ajans.com\/#website\",\"url\":\"https:\/\/89ajans.com\/\",\"name\":\"www.89ajans.com\",\"description\":\"REKLAM AJANSI\",\"publisher\":{\"@id\":\"https:\/\/89ajans.com\/#organization\"},\"potentialAction\":[{\"@type\":\"SearchAction\",\"target\":{\"@type\":\"EntryPoint\",\"urlTemplate\":\"https:\/\/89ajans.com\/?s={search_term_string}\"},\"query-input\":\"required name=search_term_string\"}],\"inLanguage\":\"tr\"},{\"@type\":\"Organization\",\"@id\":\"https:\/\/89ajans.com\/#organization\",\"name\":\"89 AJANS\",\"url\":\"https:\/\/89ajans.com\/\",\"logo\":{\"@type\":\"ImageObject\",\"inLanguage\":\"tr\",\"@id\":\"https:\/\/89ajans.com\/#\/schema\/logo\/image\/\",\"url\":\"https:\/\/89ajans.com\/wp-content\/uploads\/2022\/12\/cropped-profil-1.jpg\",\"contentUrl\":\"https:\/\/89ajans.com\/wp-content\/uploads\/2022\/12\/cropped-profil-1.jpg\",\"width\":512,\"height\":512,\"caption\":\"89 AJANS\"},\"image\":{\"@id\":\"https:\/\/89ajans.com\/#\/schema\/logo\/image\/\"},\"sameAs\":[\"https:\/\/www.instagram.com\/89ajans\/\"]}]}<\/script>\n<!-- \/ Yoast SEO plugin. -->","yoast_head_json":{"title":"89 K\u0130MD\u0130R ? - 89 D\u0130J\u0130TAL","robots":{"index":"index","follow":"follow","max-snippet":"max-snippet:-1","max-image-preview":"max-image-preview:large","max-video-preview":"max-video-preview:-1"},"canonical":"https:\/\/89ajans.com\/index.php\/hakkimizda\/","og_locale":"tr_TR","og_type":"article","og_title":"89 K\u0130MD\u0130R ? - 89 D\u0130J\u0130TAL","og_description":"89 Dijital, bir reklam ajans\u0131d\u0131r. B\u00fcnyesinde bir\u00e7ok firma bar\u0131nd\u0131ran ve bu firmalarla uzun soluklu \u00e7al\u0131\u015fmalar yapan reklam ajans\u0131m\u0131z firmalar\u0131n marka de\u011ferini artt\u0131rarak tan\u0131t\u0131m, bilinirlik ve sat\u0131\u015f kanallar\u0131nda i\u015f hacmini daha da yukar\u0131lara ta\u015f\u0131may\u0131 hedeflemi\u015ftir.Ajans\u0131m\u0131z 8 ki\u015filik kendi alan\u0131nda uzmanla\u015fm\u0131\u015f kadrosuyla, m\u00fc\u015fterilerimizin isteklerini profesyonel bir \u015fekilde y\u00f6netmekte olup her ge\u00e7en g\u00fcn portf\u00f6y\u00fcn\u00fc daha da geni\u015fletmektedir. Daha [&hellip;]","og_url":"https:\/\/89ajans.com\/index.php\/hakkimizda\/","og_site_name":"89 D\u0130J\u0130TAL","article_modified_time":"2022-12-17T14:00:04+00:00","twitter_card":"summary_large_image","twitter_misc":{"Tahmini okuma s\u00fcresi":"1 dakika"},"schema":{"@context":"https:\/\/schema.org","@graph":[{"@type":"WebPage","@id":"https:\/\/89ajans.com\/index.php\/hakkimizda\/","url":"https:\/\/89ajans.com\/index.php\/hakkimizda\/","name":"89 K\u0130MD\u0130R ? - 89 D\u0130J\u0130TAL","isPartOf":{"@id":"https:\/\/89ajans.com\/#website"},"datePublished":"2022-12-15T23:36:08+00:00","dateModified":"2022-12-17T14:00:04+00:00","breadcrumb":{"@id":"https:\/\/89ajans.com\/index.php\/hakkimizda\/#breadcrumb"},"inLanguage":"tr","potentialAction":[{"@type":"ReadAction","target":["https:\/\/89ajans.com\/index.php\/hakkimizda\/"]}]},{"@type":"BreadcrumbList","@id":"https:\/\/89ajans.com\/index.php\/hakkimizda\/#breadcrumb","itemListElement":[{"@type":"ListItem","position":1,"name":"Anasayfa","item":"https:\/\/89ajans.com\/"},{"@type":"ListItem","position":2,"name":"89 K\u0130MD\u0130R ?"}]},{"@type":"WebSite","@id":"https:\/\/89ajans.com\/#website","url":"https:\/\/89ajans.com\/","name":"www.89ajans.com","description":"REKLAM AJANSI","publisher":{"@id":"https:\/\/89ajans.com\/#organization"},"potentialAction":[{"@type":"SearchAction","target":{"@type":"EntryPoint","urlTemplate":"https:\/\/89ajans.com\/?s={search_term_string}"},"query-input":"required name=search_term_string"}],"inLanguage":"tr"},{"@type":"Organization","@id":"https:\/\/89ajans.com\/#organization","name":"89 AJANS","url":"https:\/\/89ajans.com\/","logo":{"@type":"ImageObject","inLanguage":"tr","@id":"https:\/\/89ajans.com\/#\/schema\/logo\/image\/","url":"https:\/\/89ajans.com\/wp-content\/uploads\/2022\/12\/cropped-profil-1.jpg","contentUrl":"https:\/\/89ajans.com\/wp-content\/uploads\/2022\/12\/cropped-profil-1.jpg","width":512,"height":512,"caption":"89 AJANS"},"image":{"@id":"https:\/\/89ajans.com\/#\/schema\/logo\/image\/"},"sameAs":["https:\/\/www.instagram.com\/89ajans\/"]}]}},"jetpack_sharing_enabled":true,"_links":{"self":[{"href":"https:\/\/89ajans.com\/index.php\/wp-json\/wp\/v2\/pages\/75"}],"collection":[{"href":"https:\/\/89ajans.com\/index.php\/wp-json\/wp\/v2\/pages"}],"about":[{"href":"https:\/\/89ajans.com\/index.php\/wp-json\/wp\/v2\/types\/page"}],"author":[{"embeddable":true,"href":"https:\/\/89ajans.com\/index.php\/wp-json\/wp\/v2\/users\/1"}],"replies":[{"embeddable":true,"href":"https:\/\/89ajans.com\/index.php\/wp-json\/wp\/v2\/comments?post=75"}],"version-history":[{"count":38,"href":"https:\/\/89ajans.com\/index.php\/wp-json\/wp\/v2\/pages\/75\/revisions"}],"predecessor-version":[{"id":179,"href":"https:\/\/89ajans.com\/index.php\/wp-json\/wp\/v2\/pages\/75\/revisions\/179"}],"wp:attachment":[{"href":"https:\/\/89ajans.com\/index.php\/wp-json\/wp\/v2\/media?parent=75"}],"curies":[{"name":"wp","href":"https:\/\/api.w.org\/{rel}","templated":true}]}}